{"id":523,"date":"2017-07-06T21:59:24","date_gmt":"2017-07-06T21:59:24","guid":{"rendered":"http:\/\/www.rika88.fr\/?page_id=523"},"modified":"2024-03-16T13:38:18","modified_gmt":"2024-03-16T12:38:18","slug":"notre-gamme","status":"publish","type":"page","link":"https:\/\/rika88.fr\/index.php\/notre-gamme\/","title":{"rendered":"Notre gamme"},"content":{"rendered":"<div class=\"wpb-content-wrapper\"><p>[vc_section full_width=\u00a0\u00bbstretch_row\u00a0\u00bb][vc_row full_width=\u00a0\u00bbstretch_row_content_no_spaces\u00a0\u00bb equal_height=\u00a0\u00bbyes\u00a0\u00bb content_placement=\u00a0\u00bbbottom\u00a0\u00bb][vc_column bg_color_select=\u00a0\u00bbblack\u00a0\u00bb theme_section=\u00a0\u00bbltx-mouse-move\u00a0\u00bb css=\u00a0\u00bb.vc_custom_1702297522017{background-image: url(http:\/\/www.rika88.fr\/wp-content\/uploads\/2023\/12\/mat-banner-1.jpg?id=12710) !important;background-position: center !important;background-repeat: no-repeat !important;background-size: cover !important;}\u00a0\u00bb offset=\u00a0\u00bbvc_col-md-6&Prime;]<div class=\"es-resp\">\t<div class=\"visible-xl\" style=\"height: 0px;\"><\/div>\t<div class=\"hidden-xl hidden-md hidden-sm hidden-ms hidden-xs\" style=\"height: 0px;\"><\/div>\t<div class=\"visible-md\" style=\"height: 36px;\"><\/div>\t<div class=\"visible-sm \" style=\"height: 36px;\"><\/div>\t<div class=\"visible-ms\" style=\"height: 36px;\"><\/div>\t<div class=\"visible-xs\" style=\"height: 36px;\"><\/div><\/div><div class=\"heading default align-center color-white subcolor-main transform-default icon-type-hidden   vc_custom_1702297126858 heading-tag-h3\" id=\"like_sc_header_643682113\"><h3 class=\"header ltx-sr-id-like_sc_header_6436821131981138003 ltx-sr ltx-sr-effect-fade_in ltx-sr-el-block ltx-sr-delay-0 ltx-sr-duration-1000 ltx-sr-sequences-0\">Po\u00eale \u00e0 <span> bois <\/span><\/h3><\/div>[vc_column_text css=\u00a0\u00bb.vc_custom_1710592548746{margin-right: 30px !important;margin-left: 30px !important;padding-top: 15px !important;padding-bottom: 15px !important;background-color: #f7f7f7 !important;}\u00a0\u00bb]<\/p>\n<p style=\"text-align: center;\"><span style=\"color: #333333;\">Des flammes naturellement belles au cr\u00e9pitement<\/span><br \/>\n<span style=\"color: #333333;\">et au craquement typiques des b\u00fbches :<\/span><br \/>\n<span style=\"color: #333333;\">un po\u00eale \u00e0 bois \u00e9veille tous les sens.<\/span><\/p>\n<p>[\/vc_column_text]<div class=\"es-resp\">\t<div class=\"visible-xl\" style=\"height: 25px;\"><\/div>\t<div class=\"hidden-xl hidden-md hidden-sm hidden-ms hidden-xs\" style=\"height: 25px;\"><\/div>\t<div class=\"visible-md\" style=\"height: 25px;\"><\/div>\t<div class=\"visible-sm \" style=\"height: 25px;\"><\/div>\t<div class=\"visible-ms\" style=\"height: 25px;\"><\/div>\t<div class=\"visible-xs\" style=\"height: 25px;\"><\/div><\/div><div class=\"btn-wrap align-center\">\n\t<a href=\"https:\/\/www.rika.fr\/stoves\/woodburning\"  target=\"_blank\"  class=\"btn  btn-main color-hover-default align-center\" id=\"like_sc_button_489686745\">En savoir plus<span class=\"ltx-btn-after\"><\/span><\/a><\/div><div class=\"es-resp\">\t<div class=\"visible-xl\" style=\"height: 150px;\"><\/div>\t<div class=\"hidden-xl hidden-md hidden-sm hidden-ms hidden-xs\" style=\"height: 150px;\"><\/div>\t<div class=\"visible-md\" style=\"height: 150px;\"><\/div>\t<div class=\"visible-sm \" style=\"height: 150px;\"><\/div>\t<div class=\"visible-ms\" style=\"height: 120px;\"><\/div>\t<div class=\"visible-xs\" style=\"height: 120px;\"><\/div><\/div>[\/vc_column][vc_column offset=\u00a0\u00bbvc_col-md-6&Prime;][vc_row_inner content_placement=\u00a0\u00bbmiddle\u00a0\u00bb css=\u00a0\u00bb.vc_custom_1702297737024{background-image: url(http:\/\/www.rika88.fr\/wp-content\/uploads\/2023\/12\/2.jpg?id=12714) !important;background-position: center !important;background-repeat: no-repeat !important;background-size: cover !important;}\u00a0\u00bb][vc_column_inner]<div class=\"es-resp\">\t<div class=\"visible-xl\" style=\"height: 36px;\"><\/div>\t<div class=\"hidden-xl hidden-md hidden-sm hidden-ms hidden-xs\" style=\"height: 36px;\"><\/div>\t<div class=\"visible-md\" style=\"height: 36px;\"><\/div>\t<div class=\"visible-sm \" style=\"height: 36px;\"><\/div>\t<div class=\"visible-ms\" style=\"height: 0px;\"><\/div>\t<div class=\"visible-xs\" style=\"height: 0px;\"><\/div><\/div><div class=\"heading default align-center subcolor-main transform-default icon-type-hidden   vc_custom_1708345279430 heading-tag-h3\" id=\"like_sc_header_1530335353\"><h3 class=\"header ltx-sr-id-like_sc_header_1530335353527584899 ltx-sr ltx-sr-effect-fade_in ltx-sr-el-block ltx-sr-delay-0 ltx-sr-duration-1000 ltx-sr-sequences-0\">Po\u00eale \u00e0 <span> granul\u00e9s <\/span><\/h3><\/div>[vc_column_text css=\u00a0\u00bb.vc_custom_1710592408630{margin-right: 30px !important;margin-left: 30px !important;padding-top: 15px !important;padding-bottom: 15px !important;background-color: #f7f7f7 !important;}\u00a0\u00bb]<\/p>\n<p style=\"text-align: center;\"><span style=\"color: #333333;\">Un po\u00eale \u00e0 granul\u00e9s offre \u00e0 la fois la convivialit\u00e9 d&rsquo;un po\u00eale traditionnel<\/span><span style=\"color: #333333;\">,<\/span><span style=\"color: #333333;\"> une technologie de pointe et un confort d&rsquo;utilisation maximal.<\/span><\/p>\n<p>[\/vc_column_text]<div class=\"es-resp\">\t<div class=\"visible-xl\" style=\"height: 25px;\"><\/div>\t<div class=\"hidden-xl hidden-md hidden-sm hidden-ms hidden-xs\" style=\"height: 25px;\"><\/div>\t<div class=\"visible-md\" style=\"height: 25px;\"><\/div>\t<div class=\"visible-sm \" style=\"height: 25px;\"><\/div>\t<div class=\"visible-ms\" style=\"height: 25px;\"><\/div>\t<div class=\"visible-xs\" style=\"height: 25px;\"><\/div><\/div><div class=\"btn-wrap align-center\">\n\t<a href=\"https:\/\/www.rika.fr\/stoves\/pellet\"  target=\"_blank\"  class=\"btn  btn-main color-hover-default align-center\" id=\"like_sc_button_874273250\">En savoir plus<span class=\"ltx-btn-after\"><\/span><\/a><\/div><div class=\"es-resp\">\t<div class=\"visible-xl\" style=\"height: 150px;\"><\/div>\t<div class=\"hidden-xl hidden-md hidden-sm hidden-ms hidden-xs\" style=\"height: 150px;\"><\/div>\t<div class=\"visible-md\" style=\"height: 150px;\"><\/div>\t<div class=\"visible-sm \" style=\"height: 150px;\"><\/div>\t<div class=\"visible-ms\" style=\"height: 120px;\"><\/div>\t<div class=\"visible-xs\" style=\"height: 120px;\"><\/div><\/div>[\/vc_column_inner][\/vc_row_inner][vc_row_inner content_placement=\u00a0\u00bbmiddle\u00a0\u00bb theme_section=\u00a0\u00bbltx-mouse-move\u00a0\u00bb css=\u00a0\u00bb.vc_custom_1579017992090{background-position: center !important;background-repeat: no-repeat !important;background-size: cover !important;}\u00a0\u00bb][vc_column_inner theme_section=\u00a0\u00bbltx-mouse-move\u00a0\u00bb css=\u00a0\u00bb.vc_custom_1702297874037{background-image: url(http:\/\/www.rika88.fr\/wp-content\/uploads\/2023\/12\/2-1.jpg?id=12716) !important;background-position: center !important;background-repeat: no-repeat !important;background-size: cover !important;}\u00a0\u00bb]<div class=\"es-resp\">\t<div class=\"visible-xl\" style=\"height: 70px;\"><\/div>\t<div class=\"hidden-xl hidden-md hidden-sm hidden-ms hidden-xs\" style=\"height: 70px;\"><\/div>\t<div class=\"visible-md\" style=\"height: 70px;\"><\/div>\t<div class=\"visible-sm \" style=\"height: 70px;\"><\/div>\t<div class=\"visible-ms\" style=\"height: 0px;\"><\/div>\t<div class=\"visible-xs\" style=\"height: 0px;\"><\/div><\/div><div class=\"heading default align-center color-white subcolor-main transform-default icon-type-hidden   vc_custom_1702297191876 heading-tag-h3\" id=\"like_sc_header_1538655654\"><h3 class=\"header ltx-sr-id-like_sc_header_15386556541675256471 ltx-sr ltx-sr-effect-fade_in ltx-sr-el-block ltx-sr-delay-0 ltx-sr-duration-1000 ltx-sr-sequences-0\">Po\u00eale <span> mixte <\/span><\/h3><\/div>[vc_column_text css=\u00a0\u00bb.vc_custom_1710592696466{margin-right: 30px !important;margin-left: 30px !important;padding-top: 15px !important;padding-bottom: 15px !important;background-color: #f7f7f7 !important;}\u00a0\u00bb]<\/p>\n<p style=\"text-align: center;\"><span style=\"color: #333333;\">Un po\u00eale mixte, \u00e9galement appel\u00e9 po\u00eale hybride, peut \u00eatre utilis\u00e9 avec des b\u00fbches et des granul\u00e9s. <\/span><\/p>\n<p>[\/vc_column_text]<div class=\"es-resp\">\t<div class=\"visible-xl\" style=\"height: 25px;\"><\/div>\t<div class=\"hidden-xl hidden-md hidden-sm hidden-ms hidden-xs\" style=\"height: 25px;\"><\/div>\t<div class=\"visible-md\" style=\"height: 25px;\"><\/div>\t<div class=\"visible-sm \" style=\"height: 25px;\"><\/div>\t<div class=\"visible-ms\" style=\"height: 25px;\"><\/div>\t<div class=\"visible-xs\" style=\"height: 25px;\"><\/div><\/div><div class=\"btn-wrap align-center\">\n\t<a href=\"https:\/\/www.rika.fr\/stoves\/combi\"  target=\"_blank\"  class=\"btn  btn-main color-hover-default align-center\" id=\"like_sc_button_39877655\">En savoir plus<span class=\"ltx-btn-after\"><\/span><\/a><\/div><div class=\"es-resp\">\t<div class=\"visible-xl\" style=\"height: 150px;\"><\/div>\t<div class=\"hidden-xl hidden-md hidden-sm hidden-ms hidden-xs\" style=\"height: 150px;\"><\/div>\t<div class=\"visible-md\" style=\"height: 150px;\"><\/div>\t<div class=\"visible-sm \" style=\"height: 150px;\"><\/div>\t<div class=\"visible-ms\" style=\"height: 120px;\"><\/div>\t<div class=\"visible-xs\" style=\"height: 120px;\"><\/div><\/div>[\/vc_column_inner][\/vc_row_inner][\/vc_column][\/vc_row][\/vc_section][vc_row][vc_column]<div class=\"es-resp\">\t<div class=\"visible-xl\" style=\"height: 90px;\"><\/div>\t<div class=\"hidden-xl hidden-md hidden-sm hidden-ms hidden-xs\" style=\"height: 90px;\"><\/div>\t<div class=\"visible-md\" style=\"height: 90px;\"><\/div>\t<div class=\"visible-sm \" style=\"height: 90px;\"><\/div>\t<div class=\"visible-ms\" style=\"height: 70px;\"><\/div>\t<div class=\"visible-xs\" style=\"height: 70px;\"><\/div><\/div>[\/vc_column][\/vc_row][vc_row][vc_column width=\u00a0\u00bb1\/4&Prime;][vc_single_image image=\u00a0\u00bb12744&Prime; img_size=\u00a0\u00bbfull\u00a0\u00bb alignment=\u00a0\u00bbcenter\u00a0\u00bb onclick=\u00a0\u00bbcustom_link\u00a0\u00bb img_link_target=\u00a0\u00bb_blank\u00a0\u00bb link=\u00a0\u00bbhttps:\/\/www.dixneuf.com\u00a0\u00bb][\/vc_column][vc_column width=\u00a0\u00bb1\/4&Prime;][vc_single_image image=\u00a0\u00bb12748&Prime; img_size=\u00a0\u00bbfull\u00a0\u00bb alignment=\u00a0\u00bbcenter\u00a0\u00bb onclick=\u00a0\u00bbcustom_link\u00a0\u00bb img_link_target=\u00a0\u00bb_blank\u00a0\u00bb link=\u00a0\u00bbhttps:\/\/www.poujoulat.fr\/fr\/nos-solutions\/maison-individuelle\/raccorder\u00a0\u00bb][\/vc_column][vc_column width=\u00a0\u00bb1\/4&Prime;][vc_single_image image=\u00a0\u00bb12747&Prime; img_size=\u00a0\u00bbfull\u00a0\u00bb alignment=\u00a0\u00bbcenter\u00a0\u00bb onclick=\u00a0\u00bbcustom_link\u00a0\u00bb img_link_target=\u00a0\u00bb_blank\u00a0\u00bb link=\u00a0\u00bbhttps:\/\/www.expertschaleurbois.fr\u00a0\u00bb][\/vc_column][vc_column width=\u00a0\u00bb1\/4&Prime;][vc_single_image image=\u00a0\u00bb12753&Prime; img_size=\u00a0\u00bbfull\u00a0\u00bb alignment=\u00a0\u00bbcenter\u00a0\u00bb][\/vc_column][\/vc_row]<\/p>\n<\/div>","protected":false},"excerpt":{"rendered":"<p>[vc_section full_width=\u00a0\u00bbstretch_row\u00a0\u00bb][vc_row full_width=\u00a0\u00bbstretch_row_content_no_spaces\u00a0\u00bb equal_height=\u00a0\u00bbyes\u00a0\u00bb content_placement=\u00a0\u00bbbottom\u00a0\u00bb][vc_column bg_color_select=\u00a0\u00bbblack\u00a0\u00bb theme_section=\u00a0\u00bbltx-mouse-move\u00a0\u00bb css=\u00a0\u00bb.vc_custom_1702297522017{background-image: url(http:\/\/www.rika88.fr\/wp-content\/uploads\/2023\/12\/mat-banner-1.jpg?id=12710) !important;background-position: center !important;background-repeat: no-repeat !important;background-size: cover !important;}\u00a0\u00bb offset=\u00a0\u00bbvc_col-md-6&Prime;][vc_column_text css=\u00a0\u00bb.vc_custom_1710592548746{margin-right: 30px !important;margin-left: 30px !important;padding-top: 15px !important;padding-bottom: 15px !important;background-color: #f7f7f7 !important;}\u00a0\u00bb] Des flammes naturellement belles au cr\u00e9pitement et au craquement typiques des b\u00fbches : un po\u00eale \u00e0 bois \u00e9veille tous les sens. [\/vc_column_text][\/vc_column][vc_column offset=\u00a0\u00bbvc_col-md-6&Prime;][vc_row_inner content_placement=\u00a0\u00bbmiddle\u00a0\u00bb css=\u00a0\u00bb.vc_custom_1702297737024{background-image: url(http:\/\/www.rika88.fr\/wp-content\/uploads\/2023\/12\/2.jpg?id=12714) !important;background-position: center !important;background-repeat: no-repeat !important;background-size: cover !important;}\u00a0\u00bb][vc_column_inner][vc_column_text css=\u00a0\u00bb.vc_custom_1710592408630{margin-right: 30px !important;margin-left: 30px !important;padding-top: 15px !important;padding-bottom: 15px !important;background-color: #f7f7f7 !important;}\u00a0\u00bb] Un po\u00eale \u00e0 granul\u00e9s offre \u00e0 la fois la convivialit\u00e9 d&rsquo;un po\u00eale traditionnel, une technologie de pointe et un confort d&rsquo;utilisation maximal. [\/vc_column_text][\/vc_column_inner][\/vc_row_inner][vc_row_inner content_placement=\u00a0\u00bbmiddle\u00a0\u00bb theme_section=\u00a0\u00bbltx-mouse-move\u00a0\u00bb css=\u00a0\u00bb.vc_custom_1579017992090{background-position: center !important;background-repeat: no-repeat !important;background-size: cover !important;}\u00a0\u00bb][vc_column_inner theme_section=\u00a0\u00bbltx-mouse-move\u00a0\u00bb css=\u00a0\u00bb.vc_custom_1702297874037{background-image: url(http:\/\/www.rika88.fr\/wp-content\/uploads\/2023\/12\/2-1.jpg?id=12716) !important;background-position: center !important;background-repeat: no-repeat !important;background-size: cover !important;}\u00a0\u00bb][vc_column_text css=\u00a0\u00bb.vc_custom_1710592696466{margin-right: 30px !important;margin-left: 30px !important;padding-top: 15px !important;padding-bottom: 15px !important;background-color: #f7f7f7 !important;}\u00a0\u00bb] Un po\u00eale mixte, \u00e9galement appel\u00e9 po\u00eale hybride, peut \u00eatre utilis\u00e9 avec des b\u00fbches et des granul\u00e9s. [\/vc_column_text][\/vc_column_inner][\/vc_row_inner][\/vc_column][\/vc_row][\/vc_section][vc_row][vc_column][\/vc_column][\/vc_row][vc_row][vc_column width=\u00a0\u00bb1\/4&Prime;][vc_single_image image=\u00a0\u00bb12744&Prime; img_size=\u00a0\u00bbfull\u00a0\u00bb alignment=\u00a0\u00bbcenter\u00a0\u00bb onclick=\u00a0\u00bbcustom_link\u00a0\u00bb img_link_target=\u00a0\u00bb_blank\u00a0\u00bb link=\u00a0\u00bbhttps:\/\/www.dixneuf.com\u00a0\u00bb][\/vc_column][vc_column width=\u00a0\u00bb1\/4&Prime;][vc_single_image [&hellip;]<\/p>\n","protected":false},"author":1,"featured_media":0,"parent":0,"menu_order":0,"comment_status":"closed","ping_status":"closed","template":"page-templates\/full-width.php","meta":{"footnotes":""},"_links":{"self":[{"href":"https:\/\/rika88.fr\/index.php\/wp-json\/wp\/v2\/pages\/523"}],"collection":[{"href":"https:\/\/rika88.fr\/index.php\/wp-json\/wp\/v2\/pages"}],"about":[{"href":"https:\/\/rika88.fr\/index.php\/wp-json\/wp\/v2\/types\/page"}],"author":[{"embeddable":true,"href":"https:\/\/rika88.fr\/index.php\/wp-json\/wp\/v2\/users\/1"}],"replies":[{"embeddable":true,"href":"https:\/\/rika88.fr\/index.php\/wp-json\/wp\/v2\/comments?post=523"}],"version-history":[{"count":45,"href":"https:\/\/rika88.fr\/index.php\/wp-json\/wp\/v2\/pages\/523\/revisions"}],"predecessor-version":[{"id":12916,"href":"https:\/\/rika88.fr\/index.php\/wp-json\/wp\/v2\/pages\/523\/revisions\/12916"}],"wp:attachment":[{"href":"https:\/\/rika88.fr\/index.php\/wp-json\/wp\/v2\/media?parent=523"}],"curies":[{"name":"wp","href":"https:\/\/api.w.org\/{rel}","templated":true}]}}